{"id":84,"date":"2016-04-11T09:04:30","date_gmt":"2016-04-11T08:04:30","guid":{"rendered":"http:\/\/www.coherens.com\/site\/?page_id=84"},"modified":"2020-04-15T17:47:56","modified_gmt":"2020-04-15T16:47:56","slug":"partenariats","status":"publish","type":"page","link":"https:\/\/www.coherens.com\/index.php\/partenariats\/","title":{"rendered":"Partenariats"},"content":{"rendered":"\n<p>Vous trouverez ci-dessous des associations de auxquelles je contribue r\u00e9guli\u00e8rement . <\/p>\n\n\n\n<hr class=\"wp-block-separator\"\/>\n\n\n\n<figure class=\"wp-block-table\"><table><tbody><tr><td>&nbsp;<img loading=\"lazy\" decoding=\"async\" width=\"1575\" height=\"331\" class=\"alignnone wp-image-934 size-medium\" src=\"http:\/\/www.coherens.com\/wp-content\/uploads\/2020\/04\/Logo-Neurosystemique-300x63.png\" alt=\"\" style=\"width: 1575px;\" srcset=\"https:\/\/www.coherens.com\/wp-content\/uploads\/2020\/04\/Logo-Neurosystemique-300x63.png 300w, https:\/\/www.coherens.com\/wp-content\/uploads\/2020\/04\/Logo-Neurosystemique-1024x216.png 1024w, https:\/\/www.coherens.com\/wp-content\/uploads\/2020\/04\/Logo-Neurosystemique-768x162.png 768w\" sizes=\"(max-width: 1575px) 100vw, 1575px\" \/><\/td><td>Entre 2010 et 2017, j&rsquo;ai eu le privil\u00e8ge de me former puis de collaborer avec Bernadette Lecerf-Thomas.<br>Bernadette se r\u00e9f\u00e8rait aux connaissances apport\u00e9es par les neurosciences pour aider les acteurs de l\u2019accompagnement des personnes et de la transformation des entreprises \u00e0 mieux prendre en compte les atouts et les contraintes de l\u2019intelligence humaine. <p>Je me suis form\u00e9e aupr\u00e8s d&rsquo;elle au&nbsp; Coaching d&rsquo;organisation avec la Syst\u00e9mique et les Neurosciences, puis nous avons collabor\u00e9 et construit des ateliers pour exploiter les connaissances issues du mod\u00e8le de l&rsquo;Espace de Travail Neuronal.<\/p><br><p>Bernadette est d\u00e9c\u00e9d\u00e9e en juillet 2017.<br> J&rsquo;ai fond\u00e9 <a rel=\"noopener noreferrer\" href=\"http:\/\/neurosystemique.org\" target=\"_blank\">l&rsquo;Institut NeuroSyst\u00e9mique<\/a> pour poursuivre les activit\u00e9s que nous avions engag\u00e9es ensemble.<\/p><\/td><\/tr><\/tbody><\/table><\/figure>\n\n\n\n<figure class=\"wp-block-table\"><table><tbody><tr><td> <p style=\"text-align: center;\">La r\u00e9f\u00e9rence du mentorat professionnel<\/p> <p style=\"text-align: center;\"><a href=\"http:\/\/francementor.com\/\">Institut fran\u00e7ais du mentorat<\/a>contact@francementor.com<\/p> <\/td><td><a href=\"http:\/\/francementor.com\/\"><img loading=\"lazy\" decoding=\"async\" class=\"aligncenter wp-image-77 size-full\" src=\"http:\/\/www.coherens.com\/wp-content\/uploads\/2016\/04\/France-Mentor.jpg\" alt=\"France Mentor\" width=\"263\" height=\"85\"><\/a><\/td><\/tr><\/tbody><\/table><\/figure>\n\n\n<figure class=\"wp-block-table\">\n<table style=\"height: 210px;\" width=\"584\">\n<tbody>\n<tr>\n<td>\n<figure><img loading=\"lazy\" decoding=\"async\" class=\"aligncenter\" src=\"http:\/\/coopetition-interne.com\/wp-content\/uploads\/2012\/05\/cropped-bandeau-mains-3.jpg\" width=\"278\" height=\"58\" \/><\/figure>\n<p style=\"text-align: center;\">\u00a0<\/p>\n<h5 style=\"text-align: center;\">\u00a0<\/h5>\n<\/td>\n<td>\n<table>\n<tbody>\n<tr>\n<td style=\"text-align: center;\" width=\"604\">\n<h5><a href=\"http:\/\/coopetition-interne.com\">Coop\u00e9tition Interne<\/a><\/h5>\n<\/td>\n<\/tr>\n<\/tbody>\n<\/table>\n<\/td>\n<td>\n<h5><a href=\"http:\/\/coopetition-interne.com\">Coop\u00e9tition Interne<\/a><\/h5>\n<\/td>\n<\/tr>\n<tr>\n<td>\n<h5>\u00a0<\/h5>\n<\/td>\n<\/tr>\n<\/tbody>\n<\/table>\n<\/figure>\n\n\n<figure class=\"wp-block-table\"><table><tbody><tr><td><\/td><td><\/td><\/tr><\/tbody><\/table><\/figure>\n","protected":false},"excerpt":{"rendered":"<p>Vous trouverez ci-dessous des associations de auxquelles je contribue r\u00e9guli\u00e8rement . &nbsp; Entre 2010 et 2017, j&rsquo;ai eu le privil\u00e8ge de me former puis de collaborer avec Bernadette Lecerf-Thomas.Bernadette se r\u00e9f\u00e8rait aux connaissances apport\u00e9es par les neurosciences pour aider les acteurs de l\u2019accompagnement des personnes et de la transformation des entreprises \u00e0 mieux prendre en &hellip; <\/p>\n<p><a class=\"more-link btn\" href=\"https:\/\/www.coherens.com\/index.php\/partenariats\/\">Lire la suite<\/a><\/p>\n","protected":false},"author":1,"featured_media":0,"parent":0,"menu_order":0,"comment_status":"closed","ping_status":"closed","template":"","meta":{"footnotes":""},"class_list":["post-84","page","type-page","status-publish","hentry","nodate","item-wrap"],"yoast_head":"<!-- This site is optimized with the Yoast SEO plugin v14.9 - https:\/\/yoast.com\/wordpress\/plugins\/seo\/ -->\n<title>Partenariats - COHeRenS<\/title>\n<meta name=\"robots\" content=\"index, follow, max-snippet:-1, max-image-preview:large, max-video-preview:-1\" \/>\n<link rel=\"canonical\" href=\"http:\/\/www.coherens.com\/index.php\/partenariats\/\" \/>\n<meta property=\"og:locale\" content=\"fr_FR\" \/>\n<meta property=\"og:type\" content=\"article\" \/>\n<meta property=\"og:title\" content=\"Partenariats - COHeRenS\" \/>\n<meta property=\"og:description\" content=\"Vous trouverez ci-dessous des associations de auxquelles je contribue r\u00e9guli\u00e8rement . &nbsp; Entre 2010 et 2017, j&rsquo;ai eu le privil\u00e8ge de me former puis de collaborer avec Bernadette Lecerf-Thomas.Bernadette se r\u00e9f\u00e8rait aux connaissances apport\u00e9es par les neurosciences pour aider les acteurs de l\u2019accompagnement des personnes et de la transformation des entreprises \u00e0 mieux prendre en &hellip; Lire la suite\" \/>\n<meta property=\"og:url\" content=\"http:\/\/www.coherens.com\/index.php\/partenariats\/\" \/>\n<meta property=\"og:site_name\" content=\"COHeRenS\" \/>\n<meta property=\"article:modified_time\" content=\"2020-04-15T16:47:56+00:00\" \/>\n<meta property=\"og:image\" content=\"http:\/\/www.coherens.com\/wp-content\/uploads\/2020\/04\/Logo-Neurosystemique-300x63.png\" \/>\n<meta name=\"twitter:card\" content=\"summary\" \/>\n<meta name=\"twitter:creator\" content=\"@bdubreucq\" \/>\n<meta name=\"twitter:site\" content=\"@bdubreucq\" \/>\n<script type=\"application\/ld+json\" class=\"yoast-schema-graph\">{\"@context\":\"https:\/\/schema.org\",\"@graph\":[{\"@type\":\"WebSite\",\"@id\":\"https:\/\/www.coherens.com\/#website\",\"url\":\"https:\/\/www.coherens.com\/\",\"name\":\"COHeRenS\",\"description\":\"LE POTENTIEL HUMAIN AU COEUR DE VOTRE PERFORMANCE\",\"potentialAction\":[{\"@type\":\"SearchAction\",\"target\":\"https:\/\/www.coherens.com\/?s={search_term_string}\",\"query-input\":\"required name=search_term_string\"}],\"inLanguage\":\"fr-FR\"},{\"@type\":\"ImageObject\",\"@id\":\"http:\/\/www.coherens.com\/index.php\/partenariats\/#primaryimage\",\"inLanguage\":\"fr-FR\",\"url\":\"http:\/\/www.coherens.com\/wp-content\/uploads\/2020\/04\/Logo-Neurosystemique-300x63.png\"},{\"@type\":\"WebPage\",\"@id\":\"http:\/\/www.coherens.com\/index.php\/partenariats\/#webpage\",\"url\":\"http:\/\/www.coherens.com\/index.php\/partenariats\/\",\"name\":\"Partenariats - COHeRenS\",\"isPartOf\":{\"@id\":\"https:\/\/www.coherens.com\/#website\"},\"primaryImageOfPage\":{\"@id\":\"http:\/\/www.coherens.com\/index.php\/partenariats\/#primaryimage\"},\"datePublished\":\"2016-04-11T08:04:30+00:00\",\"dateModified\":\"2020-04-15T16:47:56+00:00\",\"inLanguage\":\"fr-FR\",\"potentialAction\":[{\"@type\":\"ReadAction\",\"target\":[\"http:\/\/www.coherens.com\/index.php\/partenariats\/\"]}]}]}<\/script>\n<!-- \/ Yoast SEO plugin. -->","_links":{"self":[{"href":"https:\/\/www.coherens.com\/index.php\/wp-json\/wp\/v2\/pages\/84"}],"collection":[{"href":"https:\/\/www.coherens.com\/index.php\/wp-json\/wp\/v2\/pages"}],"about":[{"href":"https:\/\/www.coherens.com\/index.php\/wp-json\/wp\/v2\/types\/page"}],"author":[{"embeddable":true,"href":"https:\/\/www.coherens.com\/index.php\/wp-json\/wp\/v2\/users\/1"}],"replies":[{"embeddable":true,"href":"https:\/\/www.coherens.com\/index.php\/wp-json\/wp\/v2\/comments?post=84"}],"version-history":[{"count":13,"href":"https:\/\/www.coherens.com\/index.php\/wp-json\/wp\/v2\/pages\/84\/revisions"}],"predecessor-version":[{"id":940,"href":"https:\/\/www.coherens.com\/index.php\/wp-json\/wp\/v2\/pages\/84\/revisions\/940"}],"wp:attachment":[{"href":"https:\/\/www.coherens.com\/index.php\/wp-json\/wp\/v2\/media?parent=84"}],"curies":[{"name":"wp","href":"https:\/\/api.w.org\/{rel}","templated":true}]}}

<p>Vous trouverez ci-dessous des associations de auxquelles je contribue régulièrement . </p>



<hr class="wp-block-separator"/>



<figure class="wp-block-table"><table><tbody><tr><td>&nbsp;<img loading="lazy" decoding="async" width="1575" height="331" class="alignnone wp-image-934 size-medium" src="http://www.coherens.com/wp-content/uploads/2020/04/Logo-Neurosystemique-300x63.png" alt="" style="width: 1575px;" srcset="https://www.coherens.com/wp-content/uploads/2020/04/Logo-Neurosystemique-300x63.png 300w, https://www.coherens.com/wp-content/uploads/2020/04/Logo-Neurosystemique-1024x216.png 1024w, https://www.coherens.com/wp-content/uploads/2020/04/Logo-Neurosystemique-768x162.png 768w" sizes="(max-width: 1575px) 100vw, 1575px" /></td><td>Entre 2010 et 2017, j&rsquo;ai eu le privilège de me former puis de collaborer avec Bernadette Lecerf-Thomas.<br>Bernadette se réfèrait aux connaissances apportées par les neurosciences pour aider les acteurs de l’accompagnement des personnes et de la transformation des entreprises à mieux prendre en compte les atouts et les contraintes de l’intelligence humaine. <p>Je me suis formée auprès d&rsquo;elle au&nbsp; Coaching d&rsquo;organisation avec la Systémique et les Neurosciences, puis nous avons collaboré et construit des ateliers pour exploiter les connaissances issues du modèle de l&rsquo;Espace de Travail Neuronal.</p><br><p>Bernadette est décédée en juillet 2017.<br> J&rsquo;ai fondé <a rel="noopener noreferrer" href="http://neurosystemique.org" target="_blank">l&rsquo;Institut NeuroSystémique</a> pour poursuivre les activités que nous avions engagées ensemble.</p></td></tr></tbody></table></figure>



<figure class="wp-block-table"><table><tbody><tr><td> <p style="text-align: center;">La référence du mentorat professionnel</p> <p style="text-align: center;"><a href="http://francementor.com/">Institut français du mentorat</a>contact@francementor.com</p> </td><td><a href="http://francementor.com/"><img loading="lazy" decoding="async" class="aligncenter wp-image-77 size-full" src="http://www.coherens.com/wp-content/uploads/2016/04/France-Mentor.jpg" alt="France Mentor" width="263" height="85"></a></td></tr></tbody></table></figure>


<figure class="wp-block-table">
<table style="height: 210px;" width="584">
<tbody>
<tr>
<td>
<figure><img loading="lazy" decoding="async" class="aligncenter" src="http://coopetition-interne.com/wp-content/uploads/2012/05/cropped-bandeau-mains-3.jpg" width="278" height="58" /></figure>
<p style="text-align: center;"> </p>
<h5 style="text-align: center;"> </h5>
</td>
<td>
<table>
<tbody>
<tr>
<td style="text-align: center;" width="604">
<h5><a href="http://coopetition-interne.com">Coopétition Interne</a></h5>
</td>
</tr>
</tbody>
</table>
</td>
<td>
<h5><a href="http://coopetition-interne.com">Coopétition Interne</a></h5>
</td>
</tr>
<tr>
<td>
<h5> </h5>
</td>
</tr>
</tbody>
</table>
</figure>


<figure class="wp-block-table"><table><tbody><tr><td></td><td></td></tr></tbody></table></figure>

<p>Vous trouverez ci-dessous des associations de auxquelles je contribue régulièrement . &nbsp; Entre 2010 et 2017, j&rsquo;ai eu le privilège de me former puis de collaborer avec Bernadette Lecerf-Thomas.Bernadette se réfèrait aux connaissances apportées par les neurosciences pour aider les acteurs de l’accompagnement des personnes et de la transformation des entreprises à mieux prendre en &hellip; </p>
<p><a class="more-link btn" href="https://www.coherens.com/index.php/partenariats/">Lire la suite</a></p>

<!-- This site is optimized with the Yoast SEO plugin v14.9 - https://yoast.com/wordpress/plugins/seo/ -->
<title>Partenariats - COHeRenS</title>
<meta name="robots" content="index, follow, max-snippet:-1, max-image-preview:large, max-video-preview:-1" />
<link rel="canonical" href="http://www.coherens.com/index.php/partenariats/" />
<meta property="og:locale" content="fr_FR" />
<meta property="og:type" content="article" />
<meta property="og:title" content="Partenariats - COHeRenS" />
<meta property="og:description" content="Vous trouverez ci-dessous des associations de auxquelles je contribue régulièrement . &nbsp; Entre 2010 et 2017, j&rsquo;ai eu le privilège de me former puis de collaborer avec Bernadette Lecerf-Thomas.Bernadette se réfèrait aux connaissances apportées par les neurosciences pour aider les acteurs de l’accompagnement des personnes et de la transformation des entreprises à mieux prendre en &hellip; Lire la suite" />
<meta property="og:url" content="http://www.coherens.com/index.php/partenariats/" />
<meta property="og:site_name" content="COHeRenS" />
<meta property="article:modified_time" content="2020-04-15T16:47:56+00:00" />
<meta property="og:image" content="http://www.coherens.com/wp-content/uploads/2020/04/Logo-Neurosystemique-300x63.png" />
<meta name="twitter:card" content="summary" />
<meta name="twitter:creator" content="@bdubreucq" />
<meta name="twitter:site" content="@bdubreucq" />
<script type="application/ld+json" class="yoast-schema-graph">{"@context":"https://schema.org","@graph":[{"@type":"WebSite","@id":"https://www.coherens.com/#website","url":"https://www.coherens.com/","name":"COHeRenS","description":"LE POTENTIEL HUMAIN AU COEUR DE VOTRE PERFORMANCE","potentialAction":[{"@type":"SearchAction","target":"https://www.coherens.com/?s={search_term_string}","query-input":"required name=search_term_string"}],"inLanguage":"fr-FR"},{"@type":"ImageObject","@id":"http://www.coherens.com/index.php/partenariats/#primaryimage","inLanguage":"fr-FR","url":"http://www.coherens.com/wp-content/uploads/2020/04/Logo-Neurosystemique-300x63.png"},{"@type":"WebPage","@id":"http://www.coherens.com/index.php/partenariats/#webpage","url":"http://www.coherens.com/index.php/partenariats/","name":"Partenariats - COHeRenS","isPartOf":{"@id":"https://www.coherens.com/#website"},"primaryImageOfPage":{"@id":"http://www.coherens.com/index.php/partenariats/#primaryimage"},"datePublished":"2016-04-11T08:04:30+00:00","dateModified":"2020-04-15T16:47:56+00:00","inLanguage":"fr-FR","potentialAction":[{"@type":"ReadAction","target":["http://www.coherens.com/index.php/partenariats/"]}]}]}</script>
<!-- / Yoast SEO plugin. -->
