{"id":758,"date":"2018-03-30T08:35:12","date_gmt":"2018-03-30T07:35:12","guid":{"rendered":"http:\/\/www.coherens.com\/?page_id=758"},"modified":"2018-04-06T08:36:26","modified_gmt":"2018-04-06T07:36:26","slug":"activer-les-talents-avec-les-neurosciences","status":"publish","type":"page","link":"https:\/\/www.coherens.com\/index.php\/neurosciences\/activer-les-talents-avec-les-neurosciences\/","title":{"rendered":"Activer les talents avec les neurosciences"},"content":{"rendered":"<div class=\"wpb_text_column wpb_content_element \">\n<div class=\"wpb_wrapper\">\n<p>Les neurosciences rendent plus accessible une compr\u00e9hension concr\u00e8te de l\u2019apprentissage et\u00a0du d\u00e9veloppement cognitif et \u00e9motionnel des personnes. Elles donnent de nouvelles notions\u00a0pour accompagner l\u2019\u00e9volution\u00a0de l\u2019intelligence individuelle et collective. La d\u00e9couverte\u00a0de la plasticit\u00e9 neuronale, \u00e0 elle seule, suffit \u00e0 nous en convaincre. Cette formation permet de\u00a0mieux prendre en compte les enjeux de la personne en situation d\u2019apprentissage.<\/p>\n<p><strong>Dur\u00e9e\u00a0: 2 fois un jour et 2 rendez-vous individuel entre les deux jours.<\/strong><br \/>\n<strong> Public\u00a0: Coachs, formateurs, consultants et responsables RH.<\/strong><\/p>\n<p><strong><em>1<sup>er<\/sup> jour\u00a0<\/em><\/strong><strong><em>: Tour d\u2019horizon des \u00e9l\u00e9ments mobilis\u00e9s par le sujet lors de la r\u00e9flexion et de la prise de\u00a0d\u00e9cision<\/em><\/strong><em><strong><br \/>\n<\/strong><\/em><br \/>\n<strong><i class=\"fa fa-arrow-circle-right\"><\/i> Introduction aux neurosciences<\/strong><br \/>\n<i class=\"fa fa-chevron-right\"><\/i> En quoi la prise en compte de leurs apports est-elle un enjeu ?<\/p>\n<p><strong><i class=\"fa fa-arrow-circle-right\"><\/i> L\u2019espace de travail global<\/strong><br \/>\n<i class=\"fa fa-chevron-right\"><\/i> Que se passe-t-il au plan neurologique pour la personne qui se concentre pour r\u00e9fl\u00e9chir,\u00a0apprendre, prendre la d\u00e9cision d\u2019agir ? Un mod\u00e8le pour structurer notre cheminement<\/p>\n<p><strong><i class=\"fa fa-arrow-circle-right\"><\/i> La m\u00e9moire<\/strong><br \/>\n<i class=\"fa fa-chevron-right\"><\/i> Une modification anatomique<br \/>\n<i class=\"fa fa-chevron-right\"><\/i> Les diff\u00e9rents types de m\u00e9moire<br \/>\n<i class=\"fa fa-chevron-right\"><\/i> Routines et nouveaut\u00e9s<br \/>\nLes modes p\u00e9dagogiques appliqu\u00e9s aux diff\u00e9rents types de m\u00e9moire et aux\u00a0circonstances de l\u2019apprentissage.<\/p>\n<p><strong>Les outils de la perception<\/strong><br \/>\n<i class=\"fa fa-chevron-right\"><\/i> L\u2019ouverture au nouveau, la m\u00e9moire du futur<br \/>\n<i class=\"fa fa-chevron-right\"><\/i> Percevoir ce qui ne va pas, apprendre \u00e0 d\u00e9sapprendre<br \/>\n<i class=\"fa fa-chevron-right\"><\/i> Percevoir les besoins, les mouvements de l\u2019autre, le contexte, le set\u00a0attentionnel, posture \u00e9gocentr\u00e9e ou allocentr\u00e9e<\/p>\n<p><strong><i class=\"fa fa-arrow-circle-right\"><\/i> L\u2019\u00e9valuation par les \u00e9motions<\/strong><br \/>\n<i class=\"fa fa-chevron-right\"><\/i> Les deux circuits de la d\u00e9cision sous l\u2019influence des \u00e9motions<br \/>\n<i class=\"fa fa-chevron-right\"><\/i> Les boucles du stress et de la reconnaissance : le circuit de la peur ; le circuit de la\u00a0r\u00e9compense<br \/>\n<i class=\"fa fa-chevron-right\"><\/i> L\u2019influence des \u00e9motions de base dans la collaboration<\/p>\n<p><strong><i class=\"fa fa-arrow-circle-right\"><\/i> L\u2019attention<\/strong><br \/>\n<i class=\"fa fa-chevron-right\"><\/i> Les m\u00e9canismes de l\u2019attention ; lien entre attention et syst\u00e8me de r\u00e9compense<br \/>\n<i class=\"fa fa-chevron-right\"><\/i> La puissance des automatismes : l\u2019attention \u00e9motionnelle, motrice et cognitive<br \/>\n<i class=\"fa fa-chevron-right\"><\/i> Le risque des focalisations r\u00e9p\u00e9titives<\/p>\n<p><strong><i class=\"fa fa-arrow-circle-right\"><\/i> Le corps en action<\/strong><br \/>\n<i class=\"fa fa-chevron-right\"><\/i> Le mouvement comme ressource cl\u00e9 pour l\u2019ouverture et l\u2019apprentissage<br \/>\n<i class=\"fa fa-chevron-right\"><\/i> De l\u2019action au feed-back et \u00e0 la consolidation, les vertus de l\u2019aller et retour entre concepts et\u00a0exp\u00e9rimentation<\/p>\n<p><strong><i class=\"fa fa-arrow-circle-right\"><\/i> En synth\u00e8se :<\/strong><br \/>\n<i class=\"fa fa-chevron-right\"><\/i> L\u2019intention comme r\u00e9sultat des interactions cognitives et \u00e9motionnelles<br \/>\n<i class=\"fa fa-chevron-right\"><\/i> D\u00e9sapprendre pour apprendre, une comp\u00e9tence cl\u00e9 du sujet orient\u00e9 d\u00e9veloppement<\/p>\n<p><strong><em>Rendez-vous individuels\u00a0<\/em><\/strong><strong><em>:<\/em><\/strong><strong><br \/>\n<\/strong><strong>Choix d\u2019un th\u00e8me \u00e0 approfondir et organisation de deux rendez-vous (\u00e0 distance SKYPE)<br \/>\n<\/strong><\/p>\n<p><strong><em>2<sup>\u00e8me<\/sup> jour\u00a0: D\u00e9velopper la mont\u00e9e en comp\u00e9tence collective et r\u00e9pondre aux enjeux cognitifs et \u00e9motionnels\u00a0qu\u2019elle pose aux personnes concern\u00e9es. Un mod\u00e8le op\u00e9rationnel propose une synth\u00e8se des\u00a0apports.<br \/>\n<\/em><\/strong><br \/>\n<strong><i class=\"fa fa-arrow-circle-right\"><\/i> Articuler les talents, l\u2019\u00e9mulation de l\u2019intelligence collective<\/strong><br \/>\n<i class=\"fa fa-chevron-right\"><\/i> Les modes de collaboration<br \/>\n<i class=\"fa fa-chevron-right\"><\/i> D\u00e9sapprendre et apprendre collectivement : sch\u00e9ma pass\u00e9\/futur en fonction des\u00a0\u00e9chelles sociales ; une opportunit\u00e9 : deux polarit\u00e9s (nouveau sens et nouvelle motivation,\u00a0nouvelles ressources \u00e0 disposition)<br \/>\n<i class=\"fa fa-chevron-right\"><\/i> Les modalit\u00e9s d\u2019animation et de pilotage du processus de mont\u00e9e en comp\u00e9tence\u00a0collective sur six axes (application des notions vues les deux premiers jours)<\/p>\n<p><strong>Dates : en cours d&rsquo;organisation, en fonction des participants (mini 4 personnes, maxi 6 personnes)<\/strong><\/p>\n<p><strong>Tarif Entreprise : 1150 \u20ac HT &#8211; Tarif particulier : 875 \u20ac HT<\/strong><\/p>\n<p><strong>COHeRenS est enregistr\u00e9 en tant qu&rsquo;organisme de formation et r\u00e9f\u00e9renc\u00e9 DataDock.<\/strong><\/p>\n<p>&nbsp;<\/p>\n<\/div>\n<\/div>\n","protected":false},"excerpt":{"rendered":"<p>Les neurosciences rendent plus accessible une compr\u00e9hension concr\u00e8te de l\u2019apprentissage et\u00a0du d\u00e9veloppement cognitif et \u00e9motionnel des personnes. Elles donnent de nouvelles notions\u00a0pour accompagner l\u2019\u00e9volution\u00a0de l\u2019intelligence individuelle et collective. La d\u00e9couverte\u00a0de la plasticit\u00e9 neuronale, \u00e0 elle seule, suffit \u00e0 nous en convaincre. Cette formation permet de\u00a0mieux prendre en compte les enjeux de la personne en situation &hellip; <\/p>\n<p><a class=\"more-link btn\" href=\"https:\/\/www.coherens.com\/index.php\/neurosciences\/activer-les-talents-avec-les-neurosciences\/\">Lire la suite<\/a><\/p>\n","protected":false},"author":1,"featured_media":0,"parent":52,"menu_order":0,"comment_status":"closed","ping_status":"closed","template":"","meta":{"footnotes":""},"class_list":["post-758","page","type-page","status-publish","hentry","nodate","item-wrap"],"yoast_head":"<!-- This site is optimized with the Yoast SEO plugin v14.9 - https:\/\/yoast.com\/wordpress\/plugins\/seo\/ -->\n<title>Activer les talents avec les neurosciences - COHeRenS<\/title>\n<meta name=\"robots\" content=\"index, follow, max-snippet:-1, max-image-preview:large, max-video-preview:-1\" \/>\n<link rel=\"canonical\" href=\"http:\/\/www.coherens.com\/index.php\/neurosciences\/activer-les-talents-avec-les-neurosciences\/\" \/>\n<meta property=\"og:locale\" content=\"fr_FR\" \/>\n<meta property=\"og:type\" content=\"article\" \/>\n<meta property=\"og:title\" content=\"Activer les talents avec les neurosciences - COHeRenS\" \/>\n<meta property=\"og:description\" content=\"Les neurosciences rendent plus accessible une compr\u00e9hension concr\u00e8te de l\u2019apprentissage et\u00a0du d\u00e9veloppement cognitif et \u00e9motionnel des personnes. Elles donnent de nouvelles notions\u00a0pour accompagner l\u2019\u00e9volution\u00a0de l\u2019intelligence individuelle et collective. La d\u00e9couverte\u00a0de la plasticit\u00e9 neuronale, \u00e0 elle seule, suffit \u00e0 nous en convaincre. Cette formation permet de\u00a0mieux prendre en compte les enjeux de la personne en situation &hellip; Lire la suite\" \/>\n<meta property=\"og:url\" content=\"http:\/\/www.coherens.com\/index.php\/neurosciences\/activer-les-talents-avec-les-neurosciences\/\" \/>\n<meta property=\"og:site_name\" content=\"COHeRenS\" \/>\n<meta property=\"article:modified_time\" content=\"2018-04-06T07:36:26+00:00\" \/>\n<meta name=\"twitter:card\" content=\"summary\" \/>\n<meta name=\"twitter:creator\" content=\"@bdubreucq\" \/>\n<meta name=\"twitter:site\" content=\"@bdubreucq\" \/>\n<script type=\"application\/ld+json\" class=\"yoast-schema-graph\">{\"@context\":\"https:\/\/schema.org\",\"@graph\":[{\"@type\":\"WebSite\",\"@id\":\"https:\/\/www.coherens.com\/#website\",\"url\":\"https:\/\/www.coherens.com\/\",\"name\":\"COHeRenS\",\"description\":\"LE POTENTIEL HUMAIN AU COEUR DE VOTRE PERFORMANCE\",\"potentialAction\":[{\"@type\":\"SearchAction\",\"target\":\"https:\/\/www.coherens.com\/?s={search_term_string}\",\"query-input\":\"required name=search_term_string\"}],\"inLanguage\":\"fr-FR\"},{\"@type\":\"WebPage\",\"@id\":\"http:\/\/www.coherens.com\/index.php\/neurosciences\/activer-les-talents-avec-les-neurosciences\/#webpage\",\"url\":\"http:\/\/www.coherens.com\/index.php\/neurosciences\/activer-les-talents-avec-les-neurosciences\/\",\"name\":\"Activer les talents avec les neurosciences - COHeRenS\",\"isPartOf\":{\"@id\":\"https:\/\/www.coherens.com\/#website\"},\"datePublished\":\"2018-03-30T07:35:12+00:00\",\"dateModified\":\"2018-04-06T07:36:26+00:00\",\"inLanguage\":\"fr-FR\",\"potentialAction\":[{\"@type\":\"ReadAction\",\"target\":[\"http:\/\/www.coherens.com\/index.php\/neurosciences\/activer-les-talents-avec-les-neurosciences\/\"]}]}]}<\/script>\n<!-- \/ Yoast SEO plugin. -->","_links":{"self":[{"href":"https:\/\/www.coherens.com\/index.php\/wp-json\/wp\/v2\/pages\/758"}],"collection":[{"href":"https:\/\/www.coherens.com\/index.php\/wp-json\/wp\/v2\/pages"}],"about":[{"href":"https:\/\/www.coherens.com\/index.php\/wp-json\/wp\/v2\/types\/page"}],"author":[{"embeddable":true,"href":"https:\/\/www.coherens.com\/index.php\/wp-json\/wp\/v2\/users\/1"}],"replies":[{"embeddable":true,"href":"https:\/\/www.coherens.com\/index.php\/wp-json\/wp\/v2\/comments?post=758"}],"version-history":[{"count":2,"href":"https:\/\/www.coherens.com\/index.php\/wp-json\/wp\/v2\/pages\/758\/revisions"}],"predecessor-version":[{"id":762,"href":"https:\/\/www.coherens.com\/index.php\/wp-json\/wp\/v2\/pages\/758\/revisions\/762"}],"up":[{"embeddable":true,"href":"https:\/\/www.coherens.com\/index.php\/wp-json\/wp\/v2\/pages\/52"}],"wp:attachment":[{"href":"https:\/\/www.coherens.com\/index.php\/wp-json\/wp\/v2\/media?parent=758"}],"curies":[{"name":"wp","href":"https:\/\/api.w.org\/{rel}","templated":true}]}}