{"id":62,"date":"2016-04-11T08:03:05","date_gmt":"2016-04-11T07:03:05","guid":{"rendered":"http:\/\/www.coherens.com\/site\/?page_id=62"},"modified":"2018-03-15T14:30:48","modified_gmt":"2018-03-15T13:30:48","slug":"mes-clients","status":"publish","type":"page","link":"https:\/\/www.coherens.com\/index.php\/mes-clients\/","title":{"rendered":"Mes clients"},"content":{"rendered":"<p><span style=\"color: #000080;\"><strong>COHeRenS accompagne les dirigeants et DRH qui souhaitent s&rsquo;appuyer sur le potentiel humain de leurs \u00e9quipes pour d\u00e9velopper la comp\u00e9titivit\u00e9 interne de leur entreprise.<\/strong><\/span><\/p>\n<p>Une approche sur-mesure, personnalis\u00e9e, qui s&rsquo;appuie sur une exp\u00e9rience concr\u00e8te du pilotage des entreprises et de leurs enjeux humains.<\/p>\n<h5><span style=\"color: #000080;\"><strong>Mes clients sont essentiellement des structures \u00e0 taille humaine : PME, ETI, filiales de grands groupes internationaux.<\/strong><\/span><\/h5>\n<h5><span style=\"color: #000080;\"><strong>Mon exp\u00e9rience\u00a0: <\/strong><\/span><\/h5>\n<ul>\n<li><span style=\"color: #000000;\">le monde de la sant\u00e9 dans toutes ses composantes \u00a0(industrie pharmaceutique, sant\u00e9 animale, chimie de sp\u00e9cialit\u00e9, dispositifs m\u00e9dicaux, biotechs, \u00e9tablissements d&rsquo;accueil&#8230; ), <\/span><\/li>\n<li><span style=\"color: #000000;\">plus largement l&rsquo;industrie (m\u00e9tallurgie, industrie lourde, chimie, p\u00e9trole, industries de pr\u00e9cision), <\/span><\/li>\n<li><span style=\"color: #000000;\">le monde du service (loisirs, prestations de services pour les entreprise, service aux personnes)<\/span><\/li>\n<li><span style=\"color: #000000;\">des acteurs du monde para-public<\/span><\/li>\n<\/ul>\n<h5><span style=\"color: #000080;\"><strong>Des\u00a0r\u00e9alisations<\/strong><\/span><\/h5>\n<p><span style=\"color: #000000;\">Pilotage de programmes de d\u00e9veloppement du leadership s&rsquo;appuyant sur les syst\u00e8mes de valeurs et les comp\u00e9tences \u00e9motionnelles.<\/span><\/p>\n<p style=\"padding-left: 30px;\">Assessment de dirigeants et d&rsquo;\u00e9quipes dirigeantes (recrutement, performance en \u00e9quipe&#8230;)<\/p>\n<p>Enqu\u00eates d&rsquo;engagement, Check-up de Sant\u00e9 Organisationnelle &#8211; Construction et accompagnement personnalis\u00e9s de programmes de transformation<\/p>\n<p style=\"padding-left: 30px;\"><span style=\"color: #000000;\">Animation et d\u00e9ploiement de d\u00e9marches allant de la strat\u00e9gie aux objectifs op\u00e9rationnels en int\u00e9grant analyse syst\u00e9mique et Balanced ScoreCard.<\/span><\/p>\n<p><span style=\"color: #000000;\">Mise en \u0153uvre des process d\u2019\u00e9valuation et de transformation de la culture de travail pour favoriser le changement, d\u00e9velopper le leadership et une collaboration efficace au sein des \u00e9quipes.<\/span><\/p>\n<p style=\"padding-left: 30px;\"><span style=\"color: #000000;\">Talent Management et Plans de succession<\/span><\/p>\n<p><span style=\"color: #000000;\">Mise en place et d\u00e9veloppement de politiques Organisation et RH int\u00e9gr\u00e9es \u00e0 la strat\u00e9gie de l&rsquo;entreprise.<\/span><\/p>\n<p>&nbsp;<\/p>\n<p style=\"padding-left: 30px;\"><span style=\"color: #000000;\">Team building &#8211; Accompagnement de dirigeant et de leurs \u00e9quipes dans leurs d\u00e9marches de transformation et\u00a0 l\u2019atteinte de leurs objectifs.<\/span><\/p>\n<p><span style=\"color: #000000;\">S\u00e9minaires de Direction : vision-mission-valeurs, le temps de l&rsquo;\u00e9quipe, la confiance retrouv\u00e9e,\u00a0<\/span><\/p>\n<p style=\"padding-left: 30px;\"><span style=\"color: #000000;\">Formation \u00a0: management, GRH, communication interpersonnelle, animation de r\u00e9union, prise de parole en public<\/span><\/p>\n<p>Conf\u00e9rences et ateliers : L&rsquo;intelligence \u00e9motionnelle, des neurosciences au leadership, La transformation avec les neurosciences, D\u00e9veloppez la gouvernance RH de votre organisation, DRH, d\u00e9veloppez votre leadership<\/p>\n<p>&nbsp;<\/p>\n<p>&nbsp;<\/p>\n","protected":false},"excerpt":{"rendered":"<p>COHeRenS accompagne les dirigeants et DRH qui souhaitent s&rsquo;appuyer sur le potentiel humain de leurs \u00e9quipes pour d\u00e9velopper la comp\u00e9titivit\u00e9 interne de leur entreprise. Une approche sur-mesure, personnalis\u00e9e, qui s&rsquo;appuie sur une exp\u00e9rience concr\u00e8te du pilotage des entreprises et de leurs enjeux humains. Mes clients sont essentiellement des structures \u00e0 taille humaine : PME, ETI, &hellip; <\/p>\n<p><a class=\"more-link btn\" href=\"https:\/\/www.coherens.com\/index.php\/mes-clients\/\">Lire la suite<\/a><\/p>\n","protected":false},"author":1,"featured_media":0,"parent":0,"menu_order":0,"comment_status":"closed","ping_status":"closed","template":"","meta":{"footnotes":""},"class_list":["post-62","page","type-page","status-publish","hentry","nodate","item-wrap"],"yoast_head":"<!-- This site is optimized with the Yoast SEO plugin v14.9 - https:\/\/yoast.com\/wordpress\/plugins\/seo\/ -->\n<title>Mes clients - COHeRenS<\/title>\n<meta name=\"robots\" content=\"index, follow, max-snippet:-1, max-image-preview:large, max-video-preview:-1\" \/>\n<link rel=\"canonical\" href=\"http:\/\/www.coherens.com\/index.php\/mes-clients\/\" \/>\n<meta property=\"og:locale\" content=\"fr_FR\" \/>\n<meta property=\"og:type\" content=\"article\" \/>\n<meta property=\"og:title\" content=\"Mes clients - COHeRenS\" \/>\n<meta property=\"og:description\" content=\"COHeRenS accompagne les dirigeants et DRH qui souhaitent s&rsquo;appuyer sur le potentiel humain de leurs \u00e9quipes pour d\u00e9velopper la comp\u00e9titivit\u00e9 interne de leur entreprise. Une approche sur-mesure, personnalis\u00e9e, qui s&rsquo;appuie sur une exp\u00e9rience concr\u00e8te du pilotage des entreprises et de leurs enjeux humains. Mes clients sont essentiellement des structures \u00e0 taille humaine : PME, ETI, &hellip; Lire la suite\" \/>\n<meta property=\"og:url\" content=\"http:\/\/www.coherens.com\/index.php\/mes-clients\/\" \/>\n<meta property=\"og:site_name\" content=\"COHeRenS\" \/>\n<meta property=\"article:modified_time\" content=\"2018-03-15T13:30:48+00:00\" \/>\n<meta name=\"twitter:card\" content=\"summary\" \/>\n<meta name=\"twitter:creator\" content=\"@bdubreucq\" \/>\n<meta name=\"twitter:site\" content=\"@bdubreucq\" \/>\n<script type=\"application\/ld+json\" class=\"yoast-schema-graph\">{\"@context\":\"https:\/\/schema.org\",\"@graph\":[{\"@type\":\"WebSite\",\"@id\":\"https:\/\/www.coherens.com\/#website\",\"url\":\"https:\/\/www.coherens.com\/\",\"name\":\"COHeRenS\",\"description\":\"LE POTENTIEL HUMAIN AU COEUR DE VOTRE PERFORMANCE\",\"potentialAction\":[{\"@type\":\"SearchAction\",\"target\":\"https:\/\/www.coherens.com\/?s={search_term_string}\",\"query-input\":\"required name=search_term_string\"}],\"inLanguage\":\"fr-FR\"},{\"@type\":\"WebPage\",\"@id\":\"http:\/\/www.coherens.com\/index.php\/mes-clients\/#webpage\",\"url\":\"http:\/\/www.coherens.com\/index.php\/mes-clients\/\",\"name\":\"Mes clients - COHeRenS\",\"isPartOf\":{\"@id\":\"https:\/\/www.coherens.com\/#website\"},\"datePublished\":\"2016-04-11T07:03:05+00:00\",\"dateModified\":\"2018-03-15T13:30:48+00:00\",\"inLanguage\":\"fr-FR\",\"potentialAction\":[{\"@type\":\"ReadAction\",\"target\":[\"http:\/\/www.coherens.com\/index.php\/mes-clients\/\"]}]}]}<\/script>\n<!-- \/ Yoast SEO plugin. -->","_links":{"self":[{"href":"https:\/\/www.coherens.com\/index.php\/wp-json\/wp\/v2\/pages\/62"}],"collection":[{"href":"https:\/\/www.coherens.com\/index.php\/wp-json\/wp\/v2\/pages"}],"about":[{"href":"https:\/\/www.coherens.com\/index.php\/wp-json\/wp\/v2\/types\/page"}],"author":[{"embeddable":true,"href":"https:\/\/www.coherens.com\/index.php\/wp-json\/wp\/v2\/users\/1"}],"replies":[{"embeddable":true,"href":"https:\/\/www.coherens.com\/index.php\/wp-json\/wp\/v2\/comments?post=62"}],"version-history":[{"count":11,"href":"https:\/\/www.coherens.com\/index.php\/wp-json\/wp\/v2\/pages\/62\/revisions"}],"predecessor-version":[{"id":697,"href":"https:\/\/www.coherens.com\/index.php\/wp-json\/wp\/v2\/pages\/62\/revisions\/697"}],"wp:attachment":[{"href":"https:\/\/www.coherens.com\/index.php\/wp-json\/wp\/v2\/media?parent=62"}],"curies":[{"name":"wp","href":"https:\/\/api.w.org\/{rel}","templated":true}]}}