{"id":50,"date":"2016-04-11T07:31:54","date_gmt":"2016-04-11T06:31:54","guid":{"rendered":"http:\/\/www.coherens.com\/site\/?page_id=50"},"modified":"2016-04-20T06:29:54","modified_gmt":"2016-04-20T05:29:54","slug":"talent-q","status":"publish","type":"page","link":"https:\/\/www.coherens.com\/index.php\/talent-q\/","title":{"rendered":"Talent Q"},"content":{"rendered":"<p style=\"text-align: justify;\">Un outil d&rsquo;\u00e9valuation tr\u00e8s complet, facile d&rsquo;acc\u00e8s et d&rsquo;utilisation.<\/p>\n<p style=\"text-align: justify;\">Celui que j&rsquo;utilise le plus est l\u2019\u00e9valuation \u00ab\u00a0Dimension\u00a0\u00bb sur les traits de personnalit\u00e9.<br \/>\nA partir d&rsquo;un seul questionnaire, qui prend moins de 30 minutes \u00e0 remplir, Talent Q permet de mettre en forme les r\u00e9sultats obtenus selon diff\u00e9rents mod\u00e8les des plus classiques (pr\u00e9f\u00e9rences type MBTI) aux plus complexes pour des contextes de d\u00e9veloppement manag\u00e9rial ou de travail en \u00e9quipe.<\/p>\n<p style=\"text-align: justify;\">J&rsquo;utilise aussi quand il faut \u00e9valuer les capacit\u00e9s d&rsquo;analyse et de traitement des informations au travail, les trois questionnaires \u00ab\u00a0El\u00e9ments\u00a0\u00bb (verbal, chiffes, logique).<\/p>\n<p style=\"text-align: justify;\"><strong>L&rsquo;analyse des facteurs de succ\u00e8s et des points de vigilance pour un poste donn\u00e9 permet d&rsquo;am\u00e9liorer les d\u00e9cisions de recrutement, que ce soit en recrutement externe ou en mobilit\u00e9 interne et de s&rsquo;affranchir des logiques habituelles centr\u00e9es sur les dipl\u00f4mes.\u00a0<\/strong><\/p>\n<p style=\"text-align: justify;\"><span style=\"color: #333399;\"><em>Comme toujours ces outils d&rsquo;\u00e9valuation n\u00e9cessitent une validation lors d&rsquo;un \u00e9change d&rsquo;approfondissement pour valider ou moduler les r\u00e9sultats obtenus.<\/em><\/span><\/p>\n","protected":false},"excerpt":{"rendered":"<p>Un outil d&rsquo;\u00e9valuation tr\u00e8s complet, facile d&rsquo;acc\u00e8s et d&rsquo;utilisation. Celui que j&rsquo;utilise le plus est l\u2019\u00e9valuation \u00ab\u00a0Dimension\u00a0\u00bb sur les traits de personnalit\u00e9. A partir d&rsquo;un seul questionnaire, qui prend moins de 30 minutes \u00e0 remplir, Talent Q permet de mettre en forme les r\u00e9sultats obtenus selon diff\u00e9rents mod\u00e8les des plus classiques (pr\u00e9f\u00e9rences type MBTI) aux &hellip; <\/p>\n<p><a class=\"more-link btn\" href=\"https:\/\/www.coherens.com\/index.php\/talent-q\/\">Lire la suite<\/a><\/p>\n","protected":false},"author":1,"featured_media":0,"parent":0,"menu_order":0,"comment_status":"closed","ping_status":"closed","template":"","meta":{"footnotes":""},"class_list":["post-50","page","type-page","status-publish","hentry","nodate","item-wrap"],"yoast_head":"<!-- This site is optimized with the Yoast SEO plugin v14.9 - https:\/\/yoast.com\/wordpress\/plugins\/seo\/ -->\n<title>Talent Q - COHeRenS<\/title>\n<meta name=\"robots\" content=\"index, follow, max-snippet:-1, max-image-preview:large, max-video-preview:-1\" \/>\n<link rel=\"canonical\" href=\"http:\/\/www.coherens.com\/index.php\/talent-q\/\" \/>\n<meta property=\"og:locale\" content=\"fr_FR\" \/>\n<meta property=\"og:type\" content=\"article\" \/>\n<meta property=\"og:title\" content=\"Talent Q - COHeRenS\" \/>\n<meta property=\"og:description\" content=\"Un outil d&rsquo;\u00e9valuation tr\u00e8s complet, facile d&rsquo;acc\u00e8s et d&rsquo;utilisation. Celui que j&rsquo;utilise le plus est l\u2019\u00e9valuation \u00ab\u00a0Dimension\u00a0\u00bb sur les traits de personnalit\u00e9. A partir d&rsquo;un seul questionnaire, qui prend moins de 30 minutes \u00e0 remplir, Talent Q permet de mettre en forme les r\u00e9sultats obtenus selon diff\u00e9rents mod\u00e8les des plus classiques (pr\u00e9f\u00e9rences type MBTI) aux &hellip; Lire la suite\" \/>\n<meta property=\"og:url\" content=\"http:\/\/www.coherens.com\/index.php\/talent-q\/\" \/>\n<meta property=\"og:site_name\" content=\"COHeRenS\" \/>\n<meta property=\"article:modified_time\" content=\"2016-04-20T05:29:54+00:00\" \/>\n<meta name=\"twitter:card\" content=\"summary\" \/>\n<meta name=\"twitter:creator\" content=\"@bdubreucq\" \/>\n<meta name=\"twitter:site\" content=\"@bdubreucq\" \/>\n<script type=\"application\/ld+json\" class=\"yoast-schema-graph\">{\"@context\":\"https:\/\/schema.org\",\"@graph\":[{\"@type\":\"WebSite\",\"@id\":\"https:\/\/www.coherens.com\/#website\",\"url\":\"https:\/\/www.coherens.com\/\",\"name\":\"COHeRenS\",\"description\":\"LE POTENTIEL HUMAIN AU COEUR DE VOTRE PERFORMANCE\",\"potentialAction\":[{\"@type\":\"SearchAction\",\"target\":\"https:\/\/www.coherens.com\/?s={search_term_string}\",\"query-input\":\"required name=search_term_string\"}],\"inLanguage\":\"fr-FR\"},{\"@type\":\"WebPage\",\"@id\":\"http:\/\/www.coherens.com\/index.php\/talent-q\/#webpage\",\"url\":\"http:\/\/www.coherens.com\/index.php\/talent-q\/\",\"name\":\"Talent Q - COHeRenS\",\"isPartOf\":{\"@id\":\"https:\/\/www.coherens.com\/#website\"},\"datePublished\":\"2016-04-11T06:31:54+00:00\",\"dateModified\":\"2016-04-20T05:29:54+00:00\",\"inLanguage\":\"fr-FR\",\"potentialAction\":[{\"@type\":\"ReadAction\",\"target\":[\"http:\/\/www.coherens.com\/index.php\/talent-q\/\"]}]}]}<\/script>\n<!-- \/ Yoast SEO plugin. -->","_links":{"self":[{"href":"https:\/\/www.coherens.com\/index.php\/wp-json\/wp\/v2\/pages\/50"}],"collection":[{"href":"https:\/\/www.coherens.com\/index.php\/wp-json\/wp\/v2\/pages"}],"about":[{"href":"https:\/\/www.coherens.com\/index.php\/wp-json\/wp\/v2\/types\/page"}],"author":[{"embeddable":true,"href":"https:\/\/www.coherens.com\/index.php\/wp-json\/wp\/v2\/users\/1"}],"replies":[{"embeddable":true,"href":"https:\/\/www.coherens.com\/index.php\/wp-json\/wp\/v2\/comments?post=50"}],"version-history":[{"count":5,"href":"https:\/\/www.coherens.com\/index.php\/wp-json\/wp\/v2\/pages\/50\/revisions"}],"predecessor-version":[{"id":341,"href":"https:\/\/www.coherens.com\/index.php\/wp-json\/wp\/v2\/pages\/50\/revisions\/341"}],"wp:attachment":[{"href":"https:\/\/www.coherens.com\/index.php\/wp-json\/wp\/v2\/media?parent=50"}],"curies":[{"name":"wp","href":"https:\/\/api.w.org\/{rel}","templated":true}]}}