{"id":41,"date":"2016-04-11T07:15:46","date_gmt":"2016-04-11T06:15:46","guid":{"rendered":"http:\/\/www.coherens.com\/site\/?page_id=41"},"modified":"2020-09-25T10:48:02","modified_gmt":"2020-09-25T09:48:02","slug":"qui-je-suis","status":"publish","type":"page","link":"https:\/\/www.coherens.com\/index.php\/qui-je-suis\/","title":{"rendered":"Qui je suis"},"content":{"rendered":"\n<figure class=\"wp-block-table is-style-regular\"><table><tbody><tr><td>&nbsp; &nbsp; &nbsp; &nbsp; &nbsp; &nbsp; &nbsp; &nbsp; &nbsp; &nbsp; &nbsp; &nbsp; &nbsp; &nbsp; &nbsp; &nbsp; &nbsp; &nbsp; &nbsp;<img loading=\"lazy\" decoding=\"async\" class=\"alignleft wp-image-119\" src=\"http:\/\/www.coherens.com\/site\/wp-content\/uploads\/2016\/04\/BDubreucq-CRHA-300x300.jpg\" alt=\"BDubreucq CRHA\" width=\"147\" height=\"147\" srcset=\"https:\/\/www.coherens.com\/wp-content\/uploads\/2016\/04\/BDubreucq-CRHA-300x300.jpg 300w, https:\/\/www.coherens.com\/wp-content\/uploads\/2016\/04\/BDubreucq-CRHA-150x150.jpg 150w, https:\/\/www.coherens.com\/wp-content\/uploads\/2016\/04\/BDubreucq-CRHA-768x768.jpg 768w, https:\/\/www.coherens.com\/wp-content\/uploads\/2016\/04\/BDubreucq-CRHA-1024x1024.jpg 1024w, https:\/\/www.coherens.com\/wp-content\/uploads\/2016\/04\/BDubreucq-CRHA-96x96.jpg 96w, https:\/\/www.coherens.com\/wp-content\/uploads\/2016\/04\/BDubreucq-CRHA-24x24.jpg 24w, https:\/\/www.coherens.com\/wp-content\/uploads\/2016\/04\/BDubreucq-CRHA-36x36.jpg 36w, https:\/\/www.coherens.com\/wp-content\/uploads\/2016\/04\/BDubreucq-CRHA-48x48.jpg 48w, https:\/\/www.coherens.com\/wp-content\/uploads\/2016\/04\/BDubreucq-CRHA-64x64.jpg 64w\" sizes=\"(max-width: 147px) 100vw, 147px\" \/><\/td><td> <p><strong>HEC,\u00a0 sp\u00e9cialiste du Leadership et du D\u00e9veloppement OrganisationnelCertifications<\/strong><br>Barrett                                                                              HOGAN et Talent Q<br>Design Thinking<br>Administrateur de Soci\u00e9t\u00e9s Certifi\u00e9 (IFA-Sc Po)<\/p><strong>Form\u00e9e au Coaching d&rsquo;organisation avec les neurosciences et la syst\u00e9mique<\/strong><br><p><strong>L\u2019engagement, l\u2019enthousiasme et faire la diff\u00e9rence,<\/strong><br>sont les trois valeurs phares qui m\u2019animent au jour le jour.<\/p><\/td><\/tr><\/tbody><\/table><\/figure>\n\n\n\n<p class=\"has-normal-font-size\">J&rsquo;ai abord\u00e9 l&rsquo;ensemble des aspects op\u00e9rationnels et strat\u00e9giques de la fonction RH, avec une exp\u00e9rience de plus de dix ans comme DRH, membre du COMEX et du Directoire du Groupe GUERBET, laboratoire pharmaceutique, patrimonial cot\u00e9.<br>J&rsquo;ai r\u00e9alis\u00e9 l&rsquo;essentiel de mon parcours professionnel dans des ETI du monde industriel et de la sant\u00e9.<\/p>\n\n\n\n<p class=\"has-normal-font-size\">Depuis la cr\u00e9ation de COHeRenS en 2011, j&rsquo;accompagne les dirigeants et DRH qui veulent mettre le potentiel humain au c\u0153ur de leur performance, qui veulent d\u00e9velopper un leadership authentique pour cr\u00e9er l&rsquo;engagement et piloter des transformations positives et solides.<\/p>\n\n\n\n<p class=\"has-normal-font-size\">J&rsquo;accompagne aussi des entreprises qui veulent int\u00e9grer&nbsp;les enjeux RH dans leur strat\u00e9gie et les porter au plus haut niveau pour d\u00e9velopper la performance et l&rsquo;\u00e9panouissement de chacun, la performance des \u00e9quipes, la performance organisationnelle de leur entreprise, quelle qu&rsquo;en soit sa taille.<\/p>\n\n\n\n<p class=\"has-normal-font-size\">Je m\u2019appuie sur mon exp\u00e9rience de Direction G\u00e9n\u00e9rale, de DRH et ma pratique des Conseils d&rsquo;Administration pour vous proposer des solutions sur-mesure, concr\u00e8tes et qui ont fait leur preuve.<\/p>\n\n\n\n<p class=\"has-normal-font-size\">Partenaire du <a href=\"http:\/\/www.coherens.com\/site\/index.php\/nos-ressources\/barett-values-centre\/\">Barrett Values Centre, certifi\u00e9e Barrett<\/a> je vous propose les approches et outils permettant de construire des transformations durables bas\u00e9es sur une vision et des valeurs partag\u00e9es.<\/p>\n\n\n\n<p class=\"has-normal-font-size\">Mes certifications <a href=\"http:\/\/www.coherens.com\/site\/index.php\/nos-ressources\/talent-q\/\">Talent Q<\/a> et <a href=\"http:\/\/www.coherens.com\/site\/index.php\/nos-ressources\/hogan-assessment\/\">HOGAN<\/a> me permettent d\u2019\u00e9valuer vos dirigeants et la performance de votre \u00e9quipe dirigeante pour la&nbsp; renforcer.<\/p>\n\n\n\n<p class=\"has-normal-font-size\">Je sais d\u00e9velopper avec vous un leadership authentique et peux vous proposer \u00e9valuations et 360\u00b0 pour construire et accompagner des plans de d\u00e9veloppement personnalis\u00e9s.<\/p>\n\n\n\n<p class=\"has-normal-font-size\">J\u2019ai d\u00e9velopp\u00e9 mes capacit\u00e9s \u00e0 mobiliser l&rsquo;intelligence collective de votre \u00e9quipe de Direction et celle de l&rsquo;ensemble de vos collaborateurs.<\/p>\n\n\n\n<p class=\"has-normal-font-size\">J&rsquo;int\u00e8gre les r\u00e9cents apports des neurosciences pour faciliter les transformations personnelles et organisationnelles.<\/p>\n\n\n\n<p><a href=\"http:\/\/www.coherens.com\/wp-content\/uploads\/2020\/04\/CV-BDubreucq-2020-04.pdf\" target=\"_blank\" rel=\"noreferrer noopener\">Parcours professionnel<\/a><\/p>\n\n\n\n<p>Pour me contacter : <a href=\"mailto:brigitte.dubreucq@mailhec.com\" target=\"_blank\" rel=\"noopener noreferrer\">brigitte.dubreucq@coherens.com<\/a><\/p>\n","protected":false},"excerpt":{"rendered":"<p>&nbsp; &nbsp; &nbsp; &nbsp; &nbsp; &nbsp; &nbsp; &nbsp; &nbsp; &nbsp; &nbsp; &nbsp; &nbsp; &nbsp; &nbsp; &nbsp; &nbsp; &nbsp; &nbsp; HEC,\u00a0 sp\u00e9cialiste du Leadership et du D\u00e9veloppement OrganisationnelCertificationsBarrett HOGAN et Talent QDesign ThinkingAdministrateur de Soci\u00e9t\u00e9s Certifi\u00e9 (IFA-Sc Po) Form\u00e9e au Coaching d&rsquo;organisation avec les neurosciences et la syst\u00e9mique L\u2019engagement, l\u2019enthousiasme et faire la diff\u00e9rence,sont les trois &hellip; <\/p>\n<p><a class=\"more-link btn\" href=\"https:\/\/www.coherens.com\/index.php\/qui-je-suis\/\">Lire la suite<\/a><\/p>\n","protected":false},"author":1,"featured_media":0,"parent":0,"menu_order":0,"comment_status":"closed","ping_status":"closed","template":"","meta":{"footnotes":""},"class_list":["post-41","page","type-page","status-publish","hentry","nodate","item-wrap"],"yoast_head":"<!-- This site is optimized with the Yoast SEO plugin v14.9 - https:\/\/yoast.com\/wordpress\/plugins\/seo\/ -->\n<title>Qui je suis - COHeRenS<\/title>\n<meta name=\"robots\" content=\"index, follow, max-snippet:-1, max-image-preview:large, max-video-preview:-1\" \/>\n<link rel=\"canonical\" href=\"http:\/\/www.coherens.com\/index.php\/qui-je-suis\/\" \/>\n<meta property=\"og:locale\" content=\"fr_FR\" \/>\n<meta property=\"og:type\" content=\"article\" \/>\n<meta property=\"og:title\" content=\"Qui je suis - COHeRenS\" \/>\n<meta property=\"og:description\" content=\"&nbsp; &nbsp; &nbsp; &nbsp; &nbsp; &nbsp; &nbsp; &nbsp; &nbsp; &nbsp; &nbsp; &nbsp; &nbsp; &nbsp; &nbsp; &nbsp; &nbsp; &nbsp; &nbsp; HEC,\u00a0 sp\u00e9cialiste du Leadership et du D\u00e9veloppement OrganisationnelCertificationsBarrett HOGAN et Talent QDesign ThinkingAdministrateur de Soci\u00e9t\u00e9s Certifi\u00e9 (IFA-Sc Po) Form\u00e9e au Coaching d&rsquo;organisation avec les neurosciences et la syst\u00e9mique L\u2019engagement, l\u2019enthousiasme et faire la diff\u00e9rence,sont les trois &hellip; Lire la suite\" \/>\n<meta property=\"og:url\" content=\"http:\/\/www.coherens.com\/index.php\/qui-je-suis\/\" \/>\n<meta property=\"og:site_name\" content=\"COHeRenS\" \/>\n<meta property=\"article:modified_time\" content=\"2020-09-25T09:48:02+00:00\" \/>\n<meta property=\"og:image\" content=\"http:\/\/www.coherens.com\/site\/wp-content\/uploads\/2016\/04\/BDubreucq-CRHA-300x300.jpg\" \/>\n<meta name=\"twitter:card\" content=\"summary\" \/>\n<meta name=\"twitter:creator\" content=\"@bdubreucq\" \/>\n<meta name=\"twitter:site\" content=\"@bdubreucq\" \/>\n<script type=\"application\/ld+json\" class=\"yoast-schema-graph\">{\"@context\":\"https:\/\/schema.org\",\"@graph\":[{\"@type\":\"WebSite\",\"@id\":\"https:\/\/www.coherens.com\/#website\",\"url\":\"https:\/\/www.coherens.com\/\",\"name\":\"COHeRenS\",\"description\":\"LE POTENTIEL HUMAIN AU COEUR DE VOTRE PERFORMANCE\",\"potentialAction\":[{\"@type\":\"SearchAction\",\"target\":\"https:\/\/www.coherens.com\/?s={search_term_string}\",\"query-input\":\"required name=search_term_string\"}],\"inLanguage\":\"fr-FR\"},{\"@type\":\"ImageObject\",\"@id\":\"http:\/\/www.coherens.com\/index.php\/qui-je-suis\/#primaryimage\",\"inLanguage\":\"fr-FR\",\"url\":\"http:\/\/www.coherens.com\/site\/wp-content\/uploads\/2016\/04\/BDubreucq-CRHA-300x300.jpg\"},{\"@type\":\"WebPage\",\"@id\":\"http:\/\/www.coherens.com\/index.php\/qui-je-suis\/#webpage\",\"url\":\"http:\/\/www.coherens.com\/index.php\/qui-je-suis\/\",\"name\":\"Qui je suis - COHeRenS\",\"isPartOf\":{\"@id\":\"https:\/\/www.coherens.com\/#website\"},\"primaryImageOfPage\":{\"@id\":\"http:\/\/www.coherens.com\/index.php\/qui-je-suis\/#primaryimage\"},\"datePublished\":\"2016-04-11T06:15:46+00:00\",\"dateModified\":\"2020-09-25T09:48:02+00:00\",\"inLanguage\":\"fr-FR\",\"potentialAction\":[{\"@type\":\"ReadAction\",\"target\":[\"http:\/\/www.coherens.com\/index.php\/qui-je-suis\/\"]}]}]}<\/script>\n<!-- \/ Yoast SEO plugin. -->","_links":{"self":[{"href":"https:\/\/www.coherens.com\/index.php\/wp-json\/wp\/v2\/pages\/41"}],"collection":[{"href":"https:\/\/www.coherens.com\/index.php\/wp-json\/wp\/v2\/pages"}],"about":[{"href":"https:\/\/www.coherens.com\/index.php\/wp-json\/wp\/v2\/types\/page"}],"author":[{"embeddable":true,"href":"https:\/\/www.coherens.com\/index.php\/wp-json\/wp\/v2\/users\/1"}],"replies":[{"embeddable":true,"href":"https:\/\/www.coherens.com\/index.php\/wp-json\/wp\/v2\/comments?post=41"}],"version-history":[{"count":30,"href":"https:\/\/www.coherens.com\/index.php\/wp-json\/wp\/v2\/pages\/41\/revisions"}],"predecessor-version":[{"id":1046,"href":"https:\/\/www.coherens.com\/index.php\/wp-json\/wp\/v2\/pages\/41\/revisions\/1046"}],"wp:attachment":[{"href":"https:\/\/www.coherens.com\/index.php\/wp-json\/wp\/v2\/media?parent=41"}],"curies":[{"name":"wp","href":"https:\/\/api.w.org\/{rel}","templated":true}]}}

<figure class="wp-block-table is-style-regular"><table><tbody><tr><td>&nbsp; &nbsp; &nbsp; &nbsp; &nbsp; &nbsp; &nbsp; &nbsp; &nbsp; &nbsp; &nbsp; &nbsp; &nbsp; &nbsp; &nbsp; &nbsp; &nbsp; &nbsp; &nbsp;<img loading="lazy" decoding="async" class="alignleft wp-image-119" src="http://www.coherens.com/site/wp-content/uploads/2016/04/BDubreucq-CRHA-300x300.jpg" alt="BDubreucq CRHA" width="147" height="147" srcset="https://www.coherens.com/wp-content/uploads/2016/04/BDubreucq-CRHA-300x300.jpg 300w, https://www.coherens.com/wp-content/uploads/2016/04/BDubreucq-CRHA-150x150.jpg 150w, https://www.coherens.com/wp-content/uploads/2016/04/BDubreucq-CRHA-768x768.jpg 768w, https://www.coherens.com/wp-content/uploads/2016/04/BDubreucq-CRHA-1024x1024.jpg 1024w, https://www.coherens.com/wp-content/uploads/2016/04/BDubreucq-CRHA-96x96.jpg 96w, https://www.coherens.com/wp-content/uploads/2016/04/BDubreucq-CRHA-24x24.jpg 24w, https://www.coherens.com/wp-content/uploads/2016/04/BDubreucq-CRHA-36x36.jpg 36w, https://www.coherens.com/wp-content/uploads/2016/04/BDubreucq-CRHA-48x48.jpg 48w, https://www.coherens.com/wp-content/uploads/2016/04/BDubreucq-CRHA-64x64.jpg 64w" sizes="(max-width: 147px) 100vw, 147px" /></td><td> <p><strong>HEC,  spécialiste du Leadership et du Développement OrganisationnelCertifications</strong><br>Barrett                                                                              HOGAN et Talent Q<br>Design Thinking<br>Administrateur de Sociétés Certifié (IFA-Sc Po)</p><strong>Formée au Coaching d&rsquo;organisation avec les neurosciences et la systémique</strong><br><p><strong>L’engagement, l’enthousiasme et faire la différence,</strong><br>sont les trois valeurs phares qui m’animent au jour le jour.</p></td></tr></tbody></table></figure>



<p class="has-normal-font-size">J&rsquo;ai abordé l&rsquo;ensemble des aspects opérationnels et stratégiques de la fonction RH, avec une expérience de plus de dix ans comme DRH, membre du COMEX et du Directoire du Groupe GUERBET, laboratoire pharmaceutique, patrimonial coté.<br>J&rsquo;ai réalisé l&rsquo;essentiel de mon parcours professionnel dans des ETI du monde industriel et de la santé.</p>



<p class="has-normal-font-size">Depuis la création de COHeRenS en 2011, j&rsquo;accompagne les dirigeants et DRH qui veulent mettre le potentiel humain au cœur de leur performance, qui veulent développer un leadership authentique pour créer l&rsquo;engagement et piloter des transformations positives et solides.</p>



<p class="has-normal-font-size">J&rsquo;accompagne aussi des entreprises qui veulent intégrer&nbsp;les enjeux RH dans leur stratégie et les porter au plus haut niveau pour développer la performance et l&rsquo;épanouissement de chacun, la performance des équipes, la performance organisationnelle de leur entreprise, quelle qu&rsquo;en soit sa taille.</p>



<p class="has-normal-font-size">Je m’appuie sur mon expérience de Direction Générale, de DRH et ma pratique des Conseils d&rsquo;Administration pour vous proposer des solutions sur-mesure, concrètes et qui ont fait leur preuve.</p>



<p class="has-normal-font-size">Partenaire du <a href="http://www.coherens.com/site/index.php/nos-ressources/barett-values-centre/">Barrett Values Centre, certifiée Barrett</a> je vous propose les approches et outils permettant de construire des transformations durables basées sur une vision et des valeurs partagées.</p>



<p class="has-normal-font-size">Mes certifications <a href="http://www.coherens.com/site/index.php/nos-ressources/talent-q/">Talent Q</a> et <a href="http://www.coherens.com/site/index.php/nos-ressources/hogan-assessment/">HOGAN</a> me permettent d’évaluer vos dirigeants et la performance de votre équipe dirigeante pour la&nbsp; renforcer.</p>



<p class="has-normal-font-size">Je sais développer avec vous un leadership authentique et peux vous proposer évaluations et 360° pour construire et accompagner des plans de développement personnalisés.</p>



<p class="has-normal-font-size">J’ai développé mes capacités à mobiliser l&rsquo;intelligence collective de votre équipe de Direction et celle de l&rsquo;ensemble de vos collaborateurs.</p>



<p class="has-normal-font-size">J&rsquo;intègre les récents apports des neurosciences pour faciliter les transformations personnelles et organisationnelles.</p>



<p><a href="http://www.coherens.com/wp-content/uploads/2020/04/CV-BDubreucq-2020-04.pdf" target="_blank" rel="noreferrer noopener">Parcours professionnel</a></p>



<p>Pour me contacter : <a href="mailto:brigitte.dubreucq@mailhec.com" target="_blank" rel="noopener noreferrer">brigitte.dubreucq@coherens.com</a></p>

<p>&nbsp; &nbsp; &nbsp; &nbsp; &nbsp; &nbsp; &nbsp; &nbsp; &nbsp; &nbsp; &nbsp; &nbsp; &nbsp; &nbsp; &nbsp; &nbsp; &nbsp; &nbsp; &nbsp; HEC,  spécialiste du Leadership et du Développement OrganisationnelCertificationsBarrett HOGAN et Talent QDesign ThinkingAdministrateur de Sociétés Certifié (IFA-Sc Po) Formée au Coaching d&rsquo;organisation avec les neurosciences et la systémique L’engagement, l’enthousiasme et faire la différence,sont les trois &hellip; </p>
<p><a class="more-link btn" href="https://www.coherens.com/index.php/qui-je-suis/">Lire la suite</a></p>

<!-- This site is optimized with the Yoast SEO plugin v14.9 - https://yoast.com/wordpress/plugins/seo/ -->
<title>Qui je suis - COHeRenS</title>
<meta name="robots" content="index, follow, max-snippet:-1, max-image-preview:large, max-video-preview:-1" />
<link rel="canonical" href="http://www.coherens.com/index.php/qui-je-suis/" />
<meta property="og:locale" content="fr_FR" />
<meta property="og:type" content="article" />
<meta property="og:title" content="Qui je suis - COHeRenS" />
<meta property="og:description" content="&nbsp; &nbsp; &nbsp; &nbsp; &nbsp; &nbsp; &nbsp; &nbsp; &nbsp; &nbsp; &nbsp; &nbsp; &nbsp; &nbsp; &nbsp; &nbsp; &nbsp; &nbsp; &nbsp; HEC,  spécialiste du Leadership et du Développement OrganisationnelCertificationsBarrett HOGAN et Talent QDesign ThinkingAdministrateur de Sociétés Certifié (IFA-Sc Po) Formée au Coaching d&rsquo;organisation avec les neurosciences et la systémique L’engagement, l’enthousiasme et faire la différence,sont les trois &hellip; Lire la suite" />
<meta property="og:url" content="http://www.coherens.com/index.php/qui-je-suis/" />
<meta property="og:site_name" content="COHeRenS" />
<meta property="article:modified_time" content="2020-09-25T09:48:02+00:00" />
<meta property="og:image" content="http://www.coherens.com/site/wp-content/uploads/2016/04/BDubreucq-CRHA-300x300.jpg" />
<meta name="twitter:card" content="summary" />
<meta name="twitter:creator" content="@bdubreucq" />
<meta name="twitter:site" content="@bdubreucq" />
<script type="application/ld+json" class="yoast-schema-graph">{"@context":"https://schema.org","@graph":[{"@type":"WebSite","@id":"https://www.coherens.com/#website","url":"https://www.coherens.com/","name":"COHeRenS","description":"LE POTENTIEL HUMAIN AU COEUR DE VOTRE PERFORMANCE","potentialAction":[{"@type":"SearchAction","target":"https://www.coherens.com/?s={search_term_string}","query-input":"required name=search_term_string"}],"inLanguage":"fr-FR"},{"@type":"ImageObject","@id":"http://www.coherens.com/index.php/qui-je-suis/#primaryimage","inLanguage":"fr-FR","url":"http://www.coherens.com/site/wp-content/uploads/2016/04/BDubreucq-CRHA-300x300.jpg"},{"@type":"WebPage","@id":"http://www.coherens.com/index.php/qui-je-suis/#webpage","url":"http://www.coherens.com/index.php/qui-je-suis/","name":"Qui je suis - COHeRenS","isPartOf":{"@id":"https://www.coherens.com/#website"},"primaryImageOfPage":{"@id":"http://www.coherens.com/index.php/qui-je-suis/#primaryimage"},"datePublished":"2016-04-11T06:15:46+00:00","dateModified":"2020-09-25T09:48:02+00:00","inLanguage":"fr-FR","potentialAction":[{"@type":"ReadAction","target":["http://www.coherens.com/index.php/qui-je-suis/"]}]}]}</script>
<!-- / Yoast SEO plugin. -->
