{"version":"1.0","provider_name":"COHeRenS","provider_url":"https:\/\/www.coherens.com","author_name":"bdubreucq","author_url":"https:\/\/www.coherens.com\/index.php\/author\/bdubreucq\/","title":"Mesurer la sant\u00e9 organisationnelle - COHeRenS","type":"rich","width":600,"height":338,"html":"<blockquote class=\"wp-embedded-content\" data-secret=\"XHKonH9egH\"><a href=\"https:\/\/www.coherens.com\/index.php\/check-up-coherens-de-la-sante-organisationnelle\/\">Mesurer la sant\u00e9 organisationnelle<\/a><\/blockquote><iframe sandbox=\"allow-scripts\" security=\"restricted\" src=\"https:\/\/www.coherens.com\/index.php\/check-up-coherens-de-la-sante-organisationnelle\/embed\/#?secret=XHKonH9egH\" width=\"600\" height=\"338\" title=\"\u00ab\u00a0Mesurer la sant\u00e9 organisationnelle\u00a0\u00bb &#8212; COHeRenS\" data-secret=\"XHKonH9egH\" frameborder=\"0\" marginwidth=\"0\" marginheight=\"0\" scrolling=\"no\" class=\"wp-embedded-content\"><\/iframe><script type=\"text\/javascript\">\n\/* <![CDATA[ *\/\n\/*! This file is auto-generated *\/\n!function(d,l){\"use strict\";l.querySelector&&d.addEventListener&&\"undefined\"!=typeof URL&&(d.wp=d.wp||{},d.wp.receiveEmbedMessage||(d.wp.receiveEmbedMessage=function(e){var t=e.data;if((t||t.secret||t.message||t.value)&&!\/[^a-zA-Z0-9]\/.test(t.secret)){for(var s,r,n,a=l.querySelectorAll('iframe[data-secret=\"'+t.secret+'\"]'),o=l.querySelectorAll('blockquote[data-secret=\"'+t.secret+'\"]'),c=new RegExp(\"^https?:$\",\"i\"),i=0;i<o.length;i++)o[i].style.display=\"none\";for(i=0;i<a.length;i++)s=a[i],e.source===s.contentWindow&&(s.removeAttribute(\"style\"),\"height\"===t.message?(1e3<(r=parseInt(t.value,10))?r=1e3:~~r<200&&(r=200),s.height=r):\"link\"===t.message&&(r=new URL(s.getAttribute(\"src\")),n=new URL(t.value),c.test(n.protocol))&&n.host===r.host&&l.activeElement===s&&(d.top.location.href=t.value))}},d.addEventListener(\"message\",d.wp.receiveEmbedMessage,!1),l.addEventListener(\"DOMContentLoaded\",function(){for(var e,t,s=l.querySelectorAll(\"iframe.wp-embedded-content\"),r=0;r<s.length;r++)(t=(e=s[r]).getAttribute(\"data-secret\"))||(t=Math.random().toString(36).substring(2,12),e.src+=\"#?secret=\"+t,e.setAttribute(\"data-secret\",t)),e.contentWindow.postMessage({message:\"ready\",secret:t},\"*\")},!1)))}(window,document);\n\/* ]]> *\/\n<\/script>\n","description":"\u00a9Check-Up COHeRenS de la sant\u00e9 organisationnelle Au-del\u00e0 des diff\u00e9rents mod\u00e8les de sant\u00e9 organisationnelle (vous trouverez de belles \u00e9tudes sur ce sujet aupr\u00e8s de nos amis qu\u00e9b\u00e9cois) je retiens pour ma part que la sant\u00e9 organisationnelle est celle qui va permettre la rencontre des aspirations de vos collaborateurs avec celles de votre \u00ab\u00a0business\u00a0\u00bb, quelle qu&rsquo;en soit &hellip; Lire la suite","thumbnail_url":"http:\/\/www.coherens.com\/wp-content\/uploads\/2016\/05\/Check-Up-COHeRenS.gif"}

Mesurer la santé organisationnelle - COHeRenS

<blockquote class="wp-embedded-content" data-secret="XHKonH9egH"><a href="https://www.coherens.com/index.php/check-up-coherens-de-la-sante-organisationnelle/">Mesurer la santé organisationnelle</a></blockquote><iframe sandbox="allow-scripts" security="restricted" src="https://www.coherens.com/index.php/check-up-coherens-de-la-sante-organisationnelle/embed/#?secret=XHKonH9egH" width="600" height="338" title="« Mesurer la santé organisationnelle » &#8212; COHeRenS" data-secret="XHKonH9egH" frameborder="0" marginwidth="0" marginheight="0" scrolling="no" class="wp-embedded-content"></iframe><script type="text/javascript">
/* <![CDATA[ */
/*! This file is auto-generated */
!function(d,l){"use strict";l.querySelector&&d.addEventListener&&"undefined"!=typeof URL&&(d.wp=d.wp||{},d.wp.receiveEmbedMessage||(d.wp.receiveEmbedMessage=function(e){var t=e.data;if((t||t.secret||t.message||t.value)&&!/[^a-zA-Z0-9]/.test(t.secret)){for(var s,r,n,a=l.querySelectorAll('iframe[data-secret="'+t.secret+'"]'),o=l.querySelectorAll('blockquote[data-secret="'+t.secret+'"]'),c=new RegExp("^https?:$","i"),i=0;i<o.length;i++)o[i].style.display="none";for(i=0;i<a.length;i++)s=a[i],e.source===s.contentWindow&&(s.removeAttribute("style"),"height"===t.message?(1e3<(r=parseInt(t.value,10))?r=1e3:~~r<200&&(r=200),s.height=r):"link"===t.message&&(r=new URL(s.getAttribute("src")),n=new URL(t.value),c.test(n.protocol))&&n.host===r.host&&l.activeElement===s&&(d.top.location.href=t.value))}},d.addEventListener("message",d.wp.receiveEmbedMessage,!1),l.addEventListener("DOMContentLoaded",function(){for(var e,t,s=l.querySelectorAll("iframe.wp-embedded-content"),r=0;r<s.length;r++)(t=(e=s[r]).getAttribute("data-secret"))||(t=Math.random().toString(36).substring(2,12),e.src+="#?secret="+t,e.setAttribute("data-secret",t)),e.contentWindow.postMessage({message:"ready",secret:t},"*")},!1)))}(window,document);
/* ]]> */
</script>

©Check-Up COHeRenS de la santé organisationnelle Au-delà des différents modèles de santé organisationnelle (vous trouverez de belles études sur ce sujet auprès de nos amis québécois) je retiens pour ma part que la santé organisationnelle est celle qui va permettre la rencontre des aspirations de vos collaborateurs avec celles de votre « business », quelle qu&rsquo;en soit &hellip; Lire la suite
