{"version":"1.0","provider_name":"COHeRenS","provider_url":"https:\/\/www.coherens.com","author_name":"bdubreucq","author_url":"https:\/\/www.coherens.com\/index.php\/author\/bdubreucq\/","title":"Sant\u00e9 organisationnelle : mesurer pour progresser - COHeRenS","type":"rich","width":600,"height":338,"html":"<blockquote class=\"wp-embedded-content\" data-secret=\"Dbw2KfOxVy\"><a href=\"https:\/\/www.coherens.com\/index.php\/2016\/05\/13\/sante-organisationnelle-mesurer-pour-progresser\/\">Sant\u00e9 organisationnelle : mesurer pour progresser<\/a><\/blockquote><iframe sandbox=\"allow-scripts\" security=\"restricted\" src=\"https:\/\/www.coherens.com\/index.php\/2016\/05\/13\/sante-organisationnelle-mesurer-pour-progresser\/embed\/#?secret=Dbw2KfOxVy\" width=\"600\" height=\"338\" title=\"\u00ab\u00a0Sant\u00e9 organisationnelle : mesurer pour progresser\u00a0\u00bb &#8212; COHeRenS\" data-secret=\"Dbw2KfOxVy\" frameborder=\"0\" marginwidth=\"0\" marginheight=\"0\" scrolling=\"no\" class=\"wp-embedded-content\"><\/iframe><script type=\"text\/javascript\">\n\/* <![CDATA[ *\/\n\/*! This file is auto-generated *\/\n!function(d,l){\"use strict\";l.querySelector&&d.addEventListener&&\"undefined\"!=typeof URL&&(d.wp=d.wp||{},d.wp.receiveEmbedMessage||(d.wp.receiveEmbedMessage=function(e){var t=e.data;if((t||t.secret||t.message||t.value)&&!\/[^a-zA-Z0-9]\/.test(t.secret)){for(var s,r,n,a=l.querySelectorAll('iframe[data-secret=\"'+t.secret+'\"]'),o=l.querySelectorAll('blockquote[data-secret=\"'+t.secret+'\"]'),c=new RegExp(\"^https?:$\",\"i\"),i=0;i<o.length;i++)o[i].style.display=\"none\";for(i=0;i<a.length;i++)s=a[i],e.source===s.contentWindow&&(s.removeAttribute(\"style\"),\"height\"===t.message?(1e3<(r=parseInt(t.value,10))?r=1e3:~~r<200&&(r=200),s.height=r):\"link\"===t.message&&(r=new URL(s.getAttribute(\"src\")),n=new URL(t.value),c.test(n.protocol))&&n.host===r.host&&l.activeElement===s&&(d.top.location.href=t.value))}},d.addEventListener(\"message\",d.wp.receiveEmbedMessage,!1),l.addEventListener(\"DOMContentLoaded\",function(){for(var e,t,s=l.querySelectorAll(\"iframe.wp-embedded-content\"),r=0;r<s.length;r++)(t=(e=s[r]).getAttribute(\"data-secret\"))||(t=Math.random().toString(36).substring(2,12),e.src+=\"#?secret=\"+t,e.setAttribute(\"data-secret\",t)),e.contentWindow.postMessage({message:\"ready\",secret:t},\"*\")},!1)))}(window,document);\n\/* ]]> *\/\n<\/script>\n","description":"Tant qu&rsquo;on a la sant\u00e9&#8230; Vous connaissez cette expression issue de la sagesse populaire, et vous savez bien que l&rsquo;on se rend compte de l&rsquo;importance d&rsquo;\u00eatre en bonne sant\u00e9, quand on ne l&rsquo;est plus ! La sant\u00e9 est l&rsquo;un des fondamentaux que l&rsquo;on oublie (trop) facilement. Ce constat est le m\u00eame pour une entreprise. Mais &hellip; Lire la suite","thumbnail_url":"http:\/\/www.coherens.com\/wp-content\/uploads\/2016\/05\/Check-Up-COHeRenS-300x116.gif"}

Santé organisationnelle : mesurer pour progresser - COHeRenS

<blockquote class="wp-embedded-content" data-secret="Dbw2KfOxVy"><a href="https://www.coherens.com/index.php/2016/05/13/sante-organisationnelle-mesurer-pour-progresser/">Santé organisationnelle : mesurer pour progresser</a></blockquote><iframe sandbox="allow-scripts" security="restricted" src="https://www.coherens.com/index.php/2016/05/13/sante-organisationnelle-mesurer-pour-progresser/embed/#?secret=Dbw2KfOxVy" width="600" height="338" title="« Santé organisationnelle : mesurer pour progresser » &#8212; COHeRenS" data-secret="Dbw2KfOxVy" frameborder="0" marginwidth="0" marginheight="0" scrolling="no" class="wp-embedded-content"></iframe><script type="text/javascript">
/* <![CDATA[ */
/*! This file is auto-generated */
!function(d,l){"use strict";l.querySelector&&d.addEventListener&&"undefined"!=typeof URL&&(d.wp=d.wp||{},d.wp.receiveEmbedMessage||(d.wp.receiveEmbedMessage=function(e){var t=e.data;if((t||t.secret||t.message||t.value)&&!/[^a-zA-Z0-9]/.test(t.secret)){for(var s,r,n,a=l.querySelectorAll('iframe[data-secret="'+t.secret+'"]'),o=l.querySelectorAll('blockquote[data-secret="'+t.secret+'"]'),c=new RegExp("^https?:$","i"),i=0;i<o.length;i++)o[i].style.display="none";for(i=0;i<a.length;i++)s=a[i],e.source===s.contentWindow&&(s.removeAttribute("style"),"height"===t.message?(1e3<(r=parseInt(t.value,10))?r=1e3:~~r<200&&(r=200),s.height=r):"link"===t.message&&(r=new URL(s.getAttribute("src")),n=new URL(t.value),c.test(n.protocol))&&n.host===r.host&&l.activeElement===s&&(d.top.location.href=t.value))}},d.addEventListener("message",d.wp.receiveEmbedMessage,!1),l.addEventListener("DOMContentLoaded",function(){for(var e,t,s=l.querySelectorAll("iframe.wp-embedded-content"),r=0;r<s.length;r++)(t=(e=s[r]).getAttribute("data-secret"))||(t=Math.random().toString(36).substring(2,12),e.src+="#?secret="+t,e.setAttribute("data-secret",t)),e.contentWindow.postMessage({message:"ready",secret:t},"*")},!1)))}(window,document);
/* ]]> */
</script>

Tant qu&rsquo;on a la santé&#8230; Vous connaissez cette expression issue de la sagesse populaire, et vous savez bien que l&rsquo;on se rend compte de l&rsquo;importance d&rsquo;être en bonne santé, quand on ne l&rsquo;est plus ! La santé est l&rsquo;un des fondamentaux que l&rsquo;on oublie (trop) facilement. Ce constat est le même pour une entreprise. Mais &hellip; Lire la suite
